{"id":1810,"date":"2022-03-17T16:55:05","date_gmt":"2022-03-17T15:55:05","guid":{"rendered":"https:\/\/www.e-sistemas.net\/acelera-pyme\/?page_id=1810"},"modified":"2022-03-17T22:54:16","modified_gmt":"2022-03-17T21:54:16","slug":"pasos-para-solicitarlo","status":"publish","type":"page","link":"https:\/\/www.e-sistemas.net\/acelera-pyme\/pasos-para-solicitarlo\/","title":{"rendered":"Pasos para solicitar el Kit Digital"},"content":{"rendered":"<p><a href=\"https:\/\/sede.red.gob.es\/es\/procedimientos\/convocatoria-de-ayudas-destinadas-la-digitalizacion-de-empresas-del-segmento-i-entre\"><img decoding=\"async\" src=\"\/acelera-pyme\/wp-content\/uploads\/2022\/03\/acelera-pyme-kit-digital.png\" alt=\"\"><\/a><\/p>\n<h2>\u00bfQu\u00e9 pasos tienes que seguir?<\/h2>\n<h3>C\u00f3mo solicitar tu bono digital<\/h3>\n<ul>\n<li>\n<h3>01<\/h3>\n<div>\n<p><strong>Reg\u00edstrate en www.acelerapyme.es y completa el test de autodiagn\u00f3stico.<\/strong><br \/>De esta forma, sabremos qu\u00e9 nivel de digitalizaci\u00f3n tiene tu empresa para poder ayudarte mejor y recomendarte servicios ajustados a tus necesidades.<\/p>\n<\/div>\n<\/li>\n<li>\n<h3>02<\/h3>\n<div>\n<p><strong>Consulta el cat\u00e1logo de soluciones digitales,<\/strong> donde podr\u00e1s escoger una o varias de las que ofrecen los agentes digitalizadores. Las que mejor se adapten a las necesidades de tu negocio.<\/p>\n<\/div>\n<\/li>\n<li>\n<h3>03<\/h3>\n<div>\n<p><strong>Solicita la ayuda Kit Digital en la sede electr\u00f3nica de Red.es<\/strong> (sede.red.gob.es). Completa todos los pasos del formulario.<\/p>\n<\/div>\n<\/li>\n<\/ul>\n<h3>C\u00f3mo emplear tu bono digital<\/h3>\n<ul>\n<li>\n<h3>01<\/h3>\n<div>\n<p><strong>Accede al cat\u00e1logo de agentes digitalizadores<\/strong> y decide con qui\u00e9n quieres desarrollar tu soluci\u00f3n digital.<\/p>\n<\/div>\n<\/li>\n<li>\n<h3>02<\/h3>\n<div>\n<p><strong>Ponte en contacto con los agentes digitalizadores,<\/strong> suscribe el acuerdo de prestaci\u00f3n de soluciones digitales y comienza tu cambio digital.<\/p>\n<\/div>\n<\/li>\n<\/ul>\n<p><!--more--><br \/>\n<!-- {\"type\":\"layout\",\"children\":[{\"type\":\"section\",\"props\":{\"style\":\"default\",\"width\":\"default\",\"vertical_align\":\"middle\",\"title_position\":\"top-left\",\"title_rotation\":\"left\",\"title_breakpoint\":\"xl\",\"image_position\":\"center-center\",\"title\":\"Pasos\",\"animation\":\"slide-bottom-medium\",\"animation_delay\":\"100\",\"image\":\"\"},\"children\":[{\"type\":\"row\",\"children\":[{\"type\":\"column\",\"props\":{\"position_sticky_breakpoint\":\"m\",\"image_position\":\"center-center\",\"media_overlay_gradient\":\"\"},\"children\":[{\"type\":\"image\",\"props\":{\"margin\":\"default\",\"image_svg_color\":\"emphasis\",\"image\":\"wp-content\\\/uploads\\\/2022\\\/03\\\/acelera-pyme-kit-digital.png\",\"link\":\"https:\\\/\\\/sede.red.gob.es\\\/es\\\/procedimientos\\\/convocatoria-de-ayudas-destinadas-la-digitalizacion-de-empresas-del-segmento-i-entre\",\"link_target\":\"blank\",\"text_align\":\"center\"}},{\"type\":\"headline\",\"props\":{\"title_element\":\"h2\",\"content\":\"\\u00bfQu\\u00e9 pasos tienes que seguir?\",\"title_style\":\"h1\",\"maxwidth\":\"2xlarge\",\"block_align\":\"center\",\"text_align\":\"center\"}},{\"type\":\"headline\",\"props\":{\"title_element\":\"h3\",\"content\":\"C\\u00f3mo solicitar tu bono digital\",\"title_style\":\"h3\",\"maxwidth\":\"2xlarge\",\"block_align\":\"center\",\"text_align\":\"center\"}},{\"type\":\"description_list\",\"props\":{\"show_title\":true,\"show_meta\":true,\"show_content\":true,\"show_link\":true,\"list_element\":\"ul\",\"column_breakpoint\":\"m\",\"layout\":\"grid-2\",\"title_grid_width\":\"auto\",\"title_grid_column_gap\":\"small\",\"title_grid_row_gap\":\"small\",\"title_element\":\"div\",\"meta_style\":\"meta\",\"meta_align\":\"below-content\",\"list_marker\":\"\",\"list_marker_color\":\"\",\"content_style\":\"lead\",\"position\":\"relative\",\"maxwidth\":\"2xlarge\",\"block_align\":\"center\",\"list_size\":\"\"},\"children\":[{\"type\":\"description_list_item\",\"props\":{\"title\":\"01\",\"content\":\"\n\n<p><strong>Reg\\u00edstrate en www.acelerapyme.es y completa el test de autodiagn\\u00f3stico.<\\\/strong><br \\\/>De esta forma, sabremos qu\\u00e9 nivel de digitalizaci\\u00f3n tiene tu empresa para poder ayudarte mejor y recomendarte servicios ajustados a tus necesidades.<\\\/p>\"}},{\"type\":\"description_list_item\",\"props\":{\"title\":\"02\",\"content\":\"\n\n<p><strong>Consulta el cat\\u00e1logo de soluciones digitales,<\\\/strong> donde podr\\u00e1s escoger una o varias de las que ofrecen los agentes digitalizadores. Las que mejor se adapten a las necesidades de tu negocio.<\\\/p>\"}},{\"type\":\"description_list_item\",\"props\":{\"title\":\"03\",\"content\":\"\n\n<p><strong>Solicita la ayuda Kit Digital en la sede electr\\u00f3nica de Red.es<\\\/strong> (sede.red.gob.es). Completa todos los pasos del formulario.<\\\/p>\"}}]},{\"type\":\"headline\",\"props\":{\"title_element\":\"h3\",\"content\":\"C\\u00f3mo emplear tu bono digital\",\"title_style\":\"h3\",\"maxwidth\":\"2xlarge\",\"block_align\":\"center\",\"text_align\":\"center\"}},{\"type\":\"description_list\",\"props\":{\"show_title\":true,\"show_meta\":true,\"show_content\":true,\"show_link\":true,\"list_element\":\"ul\",\"column_breakpoint\":\"m\",\"layout\":\"grid-2\",\"title_grid_width\":\"auto\",\"title_grid_column_gap\":\"small\",\"title_grid_row_gap\":\"small\",\"title_element\":\"div\",\"meta_style\":\"meta\",\"meta_align\":\"below-content\",\"position\":\"relative\",\"maxwidth\":\"2xlarge\",\"block_align\":\"center\",\"content_style\":\"lead\"},\"children\":[{\"type\":\"description_list_item\",\"props\":{\"title\":\"01\",\"content\":\"\n\n<p><strong>Accede al cat\\u00e1logo de agentes digitalizadores<\\\/strong> y decide con qui\\u00e9n quieres desarrollar tu soluci\\u00f3n digital.<\\\/p>\"}},{\"type\":\"description_list_item\",\"props\":{\"content\":\"\n\n<p><strong>Ponte en contacto con los agentes digitalizadores,<\\\/strong> suscribe el acuerdo de prestaci\\u00f3n de soluciones digitales y comienza tu cambio digital.<\\\/p>\",\"title\":\"02\"}}]}]}]}]}],\"version\":\"2.7.19\"} --><\/p>\n","protected":false},"excerpt":{"rendered":"<p>\u00bfQu\u00e9 pasos tienes que seguir? C\u00f3mo solicitar tu bono digital 01 Reg\u00edstrate en www.acelerapyme.es y completa el test de autodiagn\u00f3stico.De esta forma, sabremos qu\u00e9 nivel de digitalizaci\u00f3n tiene tu empresa para poder ayudarte mejor y recomendarte servicios ajustados a tus necesidades. 02 Consulta el cat\u00e1logo de soluciones digitales, donde podr\u00e1s escoger una o varias de [&hellip;]<\/p>\n","protected":false},"author":2,"featured_media":0,"parent":0,"menu_order":0,"comment_status":"closed","ping_status":"closed","template":"","meta":{"_acf_changed":false,"footnotes":""},"class_list":["post-1810","page","type-page","status-publish","hentry"],"acf":[],"_links":{"self":[{"href":"https:\/\/www.e-sistemas.net\/acelera-pyme\/wp-json\/wp\/v2\/pages\/1810","targetHints":{"allow":["GET"]}}],"collection":[{"href":"https:\/\/www.e-sistemas.net\/acelera-pyme\/wp-json\/wp\/v2\/pages"}],"about":[{"href":"https:\/\/www.e-sistemas.net\/acelera-pyme\/wp-json\/wp\/v2\/types\/page"}],"author":[{"embeddable":true,"href":"https:\/\/www.e-sistemas.net\/acelera-pyme\/wp-json\/wp\/v2\/users\/2"}],"replies":[{"embeddable":true,"href":"https:\/\/www.e-sistemas.net\/acelera-pyme\/wp-json\/wp\/v2\/comments?post=1810"}],"version-history":[{"count":18,"href":"https:\/\/www.e-sistemas.net\/acelera-pyme\/wp-json\/wp\/v2\/pages\/1810\/revisions"}],"predecessor-version":[{"id":1829,"href":"https:\/\/www.e-sistemas.net\/acelera-pyme\/wp-json\/wp\/v2\/pages\/1810\/revisions\/1829"}],"wp:attachment":[{"href":"https:\/\/www.e-sistemas.net\/acelera-pyme\/wp-json\/wp\/v2\/media?parent=1810"}],"curies":[{"name":"wp","href":"https:\/\/api.w.org\/{rel}","templated":true}]}}